{"id":1258,"date":"2022-11-14T14:25:21","date_gmt":"2022-11-14T13:25:21","guid":{"rendered":"https:\/\/flughafentransfer-os.de\/airport-shuttle\/?page_id=1258"},"modified":"2025-06-09T13:37:23","modified_gmt":"2025-06-09T11:37:23","slug":"start-2","status":"publish","type":"page","link":"https:\/\/flughafentransfer-os.de\/airport-shuttle\/","title":{"rendered":"Start"},"content":{"rendered":"<p><div class=\"et_pb_section et_pb_fullwidth_section et_section_regular\" style='background-color:#2e2e2e;'>\n\t\t\t\n\t\t\t\n\t\t\t\t\n\t\t\t\t<div class=\"et_pb_slider et_pb_slider_parallax et_slider_auto et_slider_speed_5000\">\n\t\t\t<div class=\"et_pb_slides\">\n\t\t\t\t<div class=\"et_pb_slide et_pb_bg_layout_dark et_pb_media_alignment_center\" style='background-color:#ffffff;'>\n\t\t\t<div class=\"et_parallax_bg et_pb_parallax_css\" style=\"background-image: url(http:\/\/flughafentransfer-os.de\/airport-shuttle\/wp-content\/uploads\/2015\/03\/FTS-1.jpg);\"><\/div>\n\t\t\t<div class=\"et_pb_container clearfix\">\n\t\t\t\t\n\t\t\t\t<div class=\"et_pb_slide_description\">\n\t\t\t\t\t<h2><a href=\"http:\/\/flughafentransfer-os.de\/airport-shuttle\/kontakt\/\">FlughafenTransferService Osnabr\u00fcck Chauffeur-Service<\/a><\/h2>\n\t\t\t\t\t<div class=\"et_pb_slide_content\"><\/div>\n\t\t\t\t\t<a href=\"http:\/\/flughafentransfer-os.de\/airport-shuttle\/kontakt\/\" class=\"et_pb_more_button\">+49 (0) 541 \u2013 977 449 11<\/a>\n\t\t\t\t<\/div> <!-- .et_pb_slide_description -->\n\t\t\t<\/div> <!-- .et_pb_container -->\n\t\t\t\n\t\t<\/div> <!-- .et_pb_slide -->\n\t\t<div class=\"et_pb_slide et_pb_bg_layout_dark et_pb_media_alignment_center\" style='background-color:#ffffff;'>\n\t\t\t<div class=\"et_parallax_bg et_pb_parallax_css\" style=\"background-image: url(http:\/\/flughafentransfer-os.de\/airport-shuttle\/wp-content\/uploads\/2015\/03\/FTS-2.jpg);\"><\/div>\n\t\t\t<div class=\"et_pb_container clearfix\">\n\t\t\t\t\n\t\t\t\t<div class=\"et_pb_slide_description\">\n\t\t\t\t\t<h2><a href=\"http:\/\/flughafentransfer-os.de\/airport-shuttle\/kontakt\/\">Sie erreichen uns jederzeit telefonisch<\/a><\/h2>\n\t\t\t\t\t<div class=\"et_pb_slide_content\"><\/div>\n\t\t\t\t\t<a href=\"http:\/\/flughafentransfer-os.de\/airport-shuttle\/kontakt\/\" class=\"et_pb_more_button\">+49 (0) 541 \u2013 120 81 64<\/a>\n\t\t\t\t<\/div> <!-- .et_pb_slide_description -->\n\t\t\t<\/div> <!-- .et_pb_container -->\n\t\t\t\n\t\t<\/div> <!-- .et_pb_slide -->\n\t\t<div class=\"et_pb_slide et_pb_bg_layout_dark et_pb_media_alignment_center\" style='background-color:#ffffff;'>\n\t\t\t<div class=\"et_parallax_bg et_pb_parallax_css\" style=\"background-image: url(http:\/\/flughafentransfer-os.de\/airport-shuttle\/wp-content\/uploads\/2015\/03\/FTS-3.jpg);\"><\/div>\n\t\t\t<div class=\"et_pb_container clearfix\">\n\t\t\t\t\n\t\t\t\t<div class=\"et_pb_slide_description\">\n\t\t\t\t\t<h2><a href=\"http:\/\/flughafentransfer-os.de\/airport-shuttle\/kontakt\/\">... und auch per E-Mail.<\/a><\/h2>\n\t\t\t\t\t<div class=\"et_pb_slide_content\"><\/div>\n\t\t\t\t\t<a href=\"http:\/\/flughafentransfer-os.de\/airport-shuttle\/kontakt\/\" class=\"et_pb_more_button\">info@flughafentransfer-os.de<\/a>\n\t\t\t\t<\/div> <!-- .et_pb_slide_description -->\n\t\t\t<\/div> <!-- .et_pb_container -->\n\t\t\t\n\t\t<\/div> <!-- .et_pb_slide -->\n\t\t<div class=\"et_pb_slide et_pb_bg_layout_dark et_pb_media_alignment_center\" style='background-color:#ffffff;'>\n\t\t\t<div class=\"et_parallax_bg et_pb_parallax_css\" style=\"background-image: url(http:\/\/flughafentransfer-os.de\/airport-shuttle\/wp-content\/uploads\/2015\/03\/FTS-4.jpg);\"><\/div>\n\t\t\t<div class=\"et_pb_container clearfix\">\n\t\t\t\t\n\t\t\t\t<div class=\"et_pb_slide_description\">\n\t\t\t\t\t<h2>Wir freuen uns auf Sie!<\/h2>\n\t\t\t\t\t<div class=\"et_pb_slide_content\"><\/div>\n\t\t\t\t\t\n\t\t\t\t<\/div> <!-- .et_pb_slide_description -->\n\t\t\t<\/div> <!-- .et_pb_container -->\n\t\t\t\n\t\t<\/div> <!-- .et_pb_slide -->\n\t\t\n\t\t\t<\/div> <!-- .et_pb_slides -->\n\t\t<\/div> <!-- .et_pb_slider -->\n\t\t\n\t\t\t\n\t\t<\/div> <!-- .et_pb_section --><div class=\"et_pb_section img-border-radius et_section_regular\" style='background-color:#ffffff;'>\n\t\t\t\n\t\t\t\n\t\t\t\t\n\t\t\t\t<div class=\"et_pb_row\">\n\t\t\t<div class=\"et_pb_column et_pb_column_2_3\">\n\t\t\t<div class=\"et_pb_text et_pb_bg_layout_light et_pb_text_align_left\">\n\t\t\t\n<h2>Herzlich Willkommen bei FTS<\/h2>\n<p>Unser Personenbef\u00f6rderungsunternehmen ist seit vielen Jahren im Bereich FlughafenTransferService f\u00fcr Osnabr\u00fcck und Umgebung erfolgreich an 365 Tagen im Jahr aktiv. Wir bringen Sie zu Festpreisen sicher und entspannt zum Ort Ihrer Wahl. Ab sofort haben Sie bei uns die M\u00f6glichkeit die Zahlung f\u00fcr einen Tranfer online durchzuf\u00fchren. <a href='https:\/\/flughafentransfer-os.de\/airport-shuttle\/zahlung\/' class='small-button small#fff'>Online bezahlen<\/a> <strong>Bei allen Angelegenheiten rund um Flughafen-Transfer und Airport-Shuttle sind wir Ihr professioneller und zuverl\u00e4ssiger Partner!<\/strong> <a class=\"et_pb_promo_button fts\" href=\"https:\/\/flughafentransfer-os.de\/airport-shuttle\/kontakt\/\">Sprechen Sie uns an: +49 (0) 160 &#8211; 93907337<\/a>\n\t\t<\/div> <!-- .et_pb_text -->\n\t\t<\/div> <!-- .et_pb_column --><div class=\"et_pb_column et_pb_column_1_3\">\n\t\t\t<img src=\"https:\/\/flughafentransfer-os.de\/airport-shuttle\/wp-content\/uploads\/2022\/11\/travel-g8d14843aa_640.jpg\" alt=\"\" class=\"et-waypoint et_pb_image et_pb_animation_left img-border-radius\" \/>\n\t\t<\/div> <!-- .et_pb_column -->\n\t\t<\/div> <!-- .et_pb_row -->\n\t\t\t\n\t\t<\/div> <!-- .et_pb_section --><div class=\"et_pb_section bg-overlay et_section_regular et_section_transparent\" style='background-image:url(https:\/\/flughafentransfer-os.de\/airport-shuttle\/wp-content\/uploads\/2022\/11\/plane-g55abb9979_1920.jpg);'>\n\t\t\t\n\t\t\t\n\t\t\t\t\n\t\t\t\t<div class=\"et_pb_row\">\n\t\t\t<div class=\"et_pb_column et_pb_column_4_4\">\n\t\t\t<div class=\"et_pb_text et_pb_bg_layout_light et_pb_text_align_left\">\n\t\t\t\n<h2 style=\"text-align: center;\">Ihre Vorteile bei uns<\/h2>\n\n\t\t<\/div> <!-- .et_pb_text -->\n\t\t<\/div> <!-- .et_pb_column -->\n\t\t<\/div> <!-- .et_pb_row --><div class=\"et_pb_row\">\n\t\t\t<div class=\"et_pb_column et_pb_column_1_4\">\n\t\t\t<div class=\"et_pb_blurb et_pb_bg_layout_light et_pb_text_align_center et_pb_blurb_position_left\">\n\t\t\t<div class=\"et_pb_blurb_content\">\n\t\t\t\t<div class=\"et_pb_main_blurb_image\"><a href=\"http:\/\/flughafentransfer-os.de\/airport-shuttle\/service\/\"><span class=\"et-pb-icon et-waypoint et_pb_animation_top\" style=\"color: #16b0c1;\">\ue03c<\/span><\/a><\/div>\n\t\t\t\t<h4><a href=\"http:\/\/flughafentransfer-os.de\/airport-shuttle\/service\/\">Flexibel<\/a><\/h4>\n\t\t\t\t\n\t\t\t<\/div> <!-- .et_pb_blurb_content -->\n\t\t<\/div> <!-- .et_pb_blurb -->\n\t\t<\/div> <!-- .et_pb_column --><div class=\"et_pb_column et_pb_column_1_4\">\n\t\t\t<div class=\"et_pb_blurb et_pb_bg_layout_light et_pb_text_align_center et_pb_blurb_position_left\">\n\t\t\t<div class=\"et_pb_blurb_content\">\n\t\t\t\t<div class=\"et_pb_main_blurb_image\"><a href=\"http:\/\/flughafentransfer-os.de\/airport-shuttle\/service\/\"><span class=\"et-pb-icon et-waypoint et_pb_animation_top\" style=\"color: #16b0c1;\">\ue03c<\/span><\/a><\/div>\n\t\t\t\t<h4><a href=\"http:\/\/flughafentransfer-os.de\/airport-shuttle\/service\/\">Zuverl\u00e4ssig<\/a><\/h4>\n\t\t\t\t\n\t\t\t<\/div> <!-- .et_pb_blurb_content -->\n\t\t<\/div> <!-- .et_pb_blurb -->\n\t\t<\/div> <!-- .et_pb_column --><div class=\"et_pb_column et_pb_column_1_4\">\n\t\t\t<div class=\"et_pb_blurb et_pb_bg_layout_light et_pb_text_align_center et_pb_blurb_position_left\">\n\t\t\t<div class=\"et_pb_blurb_content\">\n\t\t\t\t<div class=\"et_pb_main_blurb_image\"><a href=\"http:\/\/flughafentransfer-os.de\/airport-shuttle\/service\/\"><span class=\"et-pb-icon et-waypoint et_pb_animation_top\" style=\"color: #16b0c1;\">\ue03c<\/span><\/a><\/div>\n\t\t\t\t<h4><a href=\"http:\/\/flughafentransfer-os.de\/airport-shuttle\/service\/\">Jederzeit erreichbar<\/a><\/h4>\n\t\t\t\t\n\t\t\t<\/div> <!-- .et_pb_blurb_content -->\n\t\t<\/div> <!-- .et_pb_blurb -->\n\t\t<\/div> <!-- .et_pb_column --><div class=\"et_pb_column et_pb_column_1_4\">\n\t\t\t<div class=\"et_pb_blurb et_pb_bg_layout_light et_pb_text_align_center et_pb_blurb_position_left\">\n\t\t\t<div class=\"et_pb_blurb_content\">\n\t\t\t\t<div class=\"et_pb_main_blurb_image\"><a href=\"http:\/\/flughafentransfer-os.de\/airport-shuttle\/service\/\"><span class=\"et-pb-icon et-waypoint et_pb_animation_top\" style=\"color: #16b0c1;\">\ue03c<\/span><\/a><\/div>\n\t\t\t\t<h4><a href=\"http:\/\/flughafentransfer-os.de\/airport-shuttle\/service\/\">Professionell<\/a><\/h4>\n\t\t\t\t\n\t\t\t<\/div> <!-- .et_pb_blurb_content -->\n\t\t<\/div> <!-- .et_pb_blurb -->\n\t\t<\/div> <!-- .et_pb_column -->\n\t\t<\/div> <!-- .et_pb_row -->\n\t\t\t\n\t\t<\/div> <!-- .et_pb_section --><div class=\"et_pb_section img-border-radius et_section_regular\" style='background-color:#ffffff;'>\n\t\t\t\n\t\t\t\n\t\t\t\t\n\t\t\t\t<div class=\"et_pb_row\">\n\t\t\t<div class=\"et_pb_column et_pb_column_4_4\">\n\t\t\t<div class=\"et_pb_text et_pb_bg_layout_light et_pb_text_align_left\">\n\t\t\t\n<h2 style=\"text-align: center;\">Wir sind Ihr 24-Stunden-Service f\u00fcr<\/h2>\n\n\t\t<\/div> <!-- .et_pb_text -->\n\t\t<\/div> <!-- .et_pb_column -->\n\t\t<\/div> <!-- .et_pb_row --><div class=\"et_pb_row\">\n\t\t\t<div class=\"et_pb_column et_pb_column_1_3\">\n\t\t\t<div class=\"et_pb_blurb et_pb_bg_layout_light et_pb_text_align_center box-shadow et_pb_blurb_position_top\">\n\t\t\t<div class=\"et_pb_blurb_content\">\n\t\t\t\t<div class=\"et_pb_main_blurb_image\"><a href=\"https:\/\/flughafentransfer-os.de\/airport-shuttle\/service\/\"><img src=\"https:\/\/flughafentransfer-os.de\/airport-shuttle\/wp-content\/uploads\/2022\/11\/passenger-traffic-gc95731160_640.jpg\" alt=\"\" class=\"et-waypoint et_pb_animation_top\" \/><\/a><\/div>\n\t\t\t\t<h4><a href=\"https:\/\/flughafentransfer-os.de\/airport-shuttle\/service\/\">Fahrten zu\/von Flugh\u00e4fen<\/a><\/h4>\n\t\t\t\t\n<p style=\"text-align: center;\">Hin- und R\u00fcckfahrten zu\/von Flugh\u00e4fen in ganz Deutschland und den angrenzenden Nachbarl\u00e4ndern!<\/p>\n\n\t\t\t<\/div> <!-- .et_pb_blurb_content -->\n\t\t<\/div> <!-- .et_pb_blurb --><div class=\"et_pb_blurb et_pb_bg_layout_light et_pb_text_align_center box-shadow et_pb_blurb_position_top\">\n\t\t\t<div class=\"et_pb_blurb_content\">\n\t\t\t\t<div class=\"et_pb_main_blurb_image\"><a href=\"https:\/\/flughafentransfer-os.de\/airport-shuttle\/service\/\"><img src=\"https:\/\/flughafentransfer-os.de\/airport-shuttle\/wp-content\/uploads\/2022\/11\/drinks-g6ade4c6e5_640.jpg\" alt=\"\" class=\"et-waypoint et_pb_animation_top\" \/><\/a><\/div>\n\t\t\t\t<h4><a href=\"https:\/\/flughafentransfer-os.de\/airport-shuttle\/service\/\">Betriebsfeiern &amp; Events<\/a><\/h4>\n\t\t\t\t\n<p style=\"text-align: center;\">Shuttle-Service f\u00fcr Betriebsfeiern \/ Events \/ Gesch\u00e4ftstreffen in ganz Deutschland!<\/p>\n\n\t\t\t<\/div> <!-- .et_pb_blurb_content -->\n\t\t<\/div> <!-- .et_pb_blurb -->\n\t\t<\/div> <!-- .et_pb_column --><div class=\"et_pb_column et_pb_column_1_3\">\n\t\t\t<div class=\"et_pb_blurb et_pb_bg_layout_light et_pb_text_align_center box-shadow et_pb_blurb_position_top\">\n\t\t\t<div class=\"et_pb_blurb_content\">\n\t\t\t\t<div class=\"et_pb_main_blurb_image\"><a href=\"https:\/\/flughafentransfer-os.de\/airport-shuttle\/service\/\"><img src=\"https:\/\/flughafentransfer-os.de\/airport-shuttle\/wp-content\/uploads\/2022\/11\/vacations-g918e97161_640.jpg\" alt=\"\" class=\"et-waypoint et_pb_animation_top\" \/><\/a><\/div>\n\t\t\t\t<h4><a href=\"https:\/\/flughafentransfer-os.de\/airport-shuttle\/service\/\">Gesch\u00e4fts- und Privatreisen<\/a><\/h4>\n\t\t\t\t\n<div class=\"et_pb_blurb et_pb_bg_layout_light et_pb_text_align_center et_pb_blurb_position_left\">\n<div class=\"et_pb_blurb_content\" style=\"text-align: center;\">Shuttle-Service f\u00fcr Gesch\u00e4fts- und Privatreisende in ganz Deutschland !<\/div>\n<\/div>\n<div class=\"et_pb_blurb et_pb_bg_layout_light et_pb_text_align_center et_pb_blurb_position_left\">\n<div class=\"et_pb_blurb_content\"><\/div>\n<\/div>\n\n\t\t\t<\/div> <!-- .et_pb_blurb_content -->\n\t\t<\/div> <!-- .et_pb_blurb --><div class=\"et_pb_blurb et_pb_bg_layout_light et_pb_text_align_center box-shadow et_pb_blurb_position_top\">\n\t\t\t<div class=\"et_pb_blurb_content\">\n\t\t\t\t<div class=\"et_pb_main_blurb_image\"><a href=\"https:\/\/flughafentransfer-os.de\/airport-shuttle\/service\/\"><img src=\"https:\/\/flughafentransfer-os.de\/airport-shuttle\/wp-content\/uploads\/2022\/11\/living-room-gbe6f8e399_640-1.png\" alt=\"\" class=\"et-waypoint et_pb_animation_top\" \/><\/a><\/div>\n\t\t\t\t<h4><a href=\"https:\/\/flughafentransfer-os.de\/airport-shuttle\/service\/\">Shuttle-Service<\/a><\/h4>\n\t\t\t\tShuttle-Service f\u00fcr Gala- &amp; Jubil\u00e4umsveranstaltungen in ganz Deutschland!\n\t\t\t<\/div> <!-- .et_pb_blurb_content -->\n\t\t<\/div> <!-- .et_pb_blurb -->\n\t\t<\/div> <!-- .et_pb_column --><div class=\"et_pb_column et_pb_column_1_3\">\n\t\t\t<div class=\"et_pb_blurb et_pb_bg_layout_light et_pb_text_align_center box-shadow et_pb_blurb_position_top\">\n\t\t\t<div class=\"et_pb_blurb_content\">\n\t\t\t\t<div class=\"et_pb_main_blurb_image\"><a href=\"https:\/\/flughafentransfer-os.de\/airport-shuttle\/service\/\"><img src=\"https:\/\/flughafentransfer-os.de\/airport-shuttle\/wp-content\/uploads\/2022\/11\/driver-g37a2bcc8b_640.jpg\" alt=\"\" class=\"et-waypoint et_pb_animation_top\" \/><\/a><\/div>\n\t\t\t\t<h4><a href=\"https:\/\/flughafentransfer-os.de\/airport-shuttle\/service\/\">Chauffeur-Service<\/a><\/h4>\n\t\t\t\t\n<div class=\"et_pb_blurb et_pb_bg_layout_light et_pb_text_align_center et_pb_blurb_position_left\">\n<div class=\"et_pb_blurb_content\" style=\"text-align: center;\">Chauffeur-Service in ganz Deutschland und den angrenzenden Nachbarl\u00e4ndern!<\/div>\n<\/div>\n\n\t\t\t<\/div> <!-- .et_pb_blurb_content -->\n\t\t<\/div> <!-- .et_pb_blurb --><div class=\"et_pb_blurb et_pb_bg_layout_light et_pb_text_align_center box-shadow et_pb_blurb_position_top\">\n\t\t\t<div class=\"et_pb_blurb_content\">\n\t\t\t\t<div class=\"et_pb_main_blurb_image\"><a href=\"https:\/\/flughafentransfer-os.de\/airport-shuttle\/service\/\"><img src=\"https:\/\/flughafentransfer-os.de\/airport-shuttle\/wp-content\/uploads\/2022\/11\/driver-g54e406bac_640.jpg\" alt=\"\" class=\"et-waypoint et_pb_animation_top\" \/><\/a><\/div>\n\t\t\t\t<h4><a href=\"https:\/\/flughafentransfer-os.de\/airport-shuttle\/service\/\">Expressfahrten &amp; Kurierdienst<\/a><\/h4>\n\t\t\t\tExpressfahrten \/ Kurierdienst in ganz Deutschland und den angrenzenden Nachbarl\u00e4ndern!\n\t\t\t<\/div> <!-- .et_pb_blurb_content -->\n\t\t<\/div> <!-- .et_pb_blurb -->\n\t\t<\/div> <!-- .et_pb_column -->\n\t\t<\/div> <!-- .et_pb_row -->\n\t\t\t\n\t\t<\/div> <!-- .et_pb_section --><div class=\"et_pb_section bg-overlay et_section_regular\" style='background-color:#00479e;background-image:url(https:\/\/flughafentransfer-os.de\/airport-shuttle\/wp-content\/uploads\/2022\/11\/panoramic-g4619b9095_1920.jpg);'>\n\t\t\t\n\t\t\t\n\t\t\t\t\n\t\t\t\t<div class=\"et_pb_row\">\n\t\t\t<div class=\"et_pb_column et_pb_column_4_4\">\n\t\t\t<div id=\"calltostartseite\" class=\"et_pb_promo et_pb_bg_layout_dark et_pb_text_align_center fts et_pb_no_bg\">\n\t\t\t<div class=\"et_pb_promo_description\">\n\t\t\t\t<h2>Bei allen Angelegenheiten rund um Flughafen-Transfer und Airport-Shuttle sind wir Ihr professioneller und zuverl\u00e4ssiger Partner.<\/h2>\n\t\t\t\t\n\t\t\t<\/div>\n\t\t\t<a class=\"et_pb_promo_button\" href=\"http:\/\/flughafentransfer-os.de\/airport-shuttle\/kontakt\/\">Sprechen Sie uns an: +49 (0) 160 - 93907337<\/a>\n\t\t<\/div>\n\t\t<\/div> <!-- .et_pb_column -->\n\t\t<\/div> <!-- .et_pb_row -->\n\t\t\t\n\t\t<\/div> <!-- .et_pb_section --><div id=\"footer\" class=\"et_pb_section et_section_regular\" style='background-color:#ffffff;'>\n\t\t\t\n\t\t\t\n\t\t\t\t\n\t\t\t\t<div class=\"et_pb_row\">\n\t\t\t<div class=\"et_pb_column et_pb_column_1_4\">\n\t\t\t<div class=\"et_pb_text et_pb_bg_layout_light et_pb_text_align_left\">\n\t\t\t\n<h6>FTS Osnabr\u00fcck<\/h6>\n<p>FlughafenTransferService<\/p>\n<p>Strotheweg 86 a<br \/>\nD-49504 Lotte\n\t\t<\/div> <!-- .et_pb_text -->\n\t\t<\/div> <!-- .et_pb_column --><div class=\"et_pb_column et_pb_column_1_4\">\n\t\t\t<div class=\"et_pb_text et_pb_bg_layout_light et_pb_text_align_left\">\n\t\t\t\n<h6>Kontakt:<\/h6>\n<p>+49 (0) 160 &#8211; 93 90 7337<br \/>\n+49 (0) 170 &#8211; 46 96 78 5<br \/>\ninfo@flughafentransfer-os.de\n\t\t<\/div> <!-- .et_pb_text -->\n\t\t<\/div> <!-- .et_pb_column --><div class=\"et_pb_column et_pb_column_1_4\">\n\t\t\t<div class=\"et_pb_text et_pb_bg_layout_light et_pb_text_align_left\">\n\t\t\t\n<h6>Messanger:<\/h6>\n<p><a href=\"https:\/\/wa.me\/4916093907337\"><img decoding=\"async\" loading=\"lazy\" class=\"et-waypoint et_pb_animation_left et-animated\" style=\"vertical-align: middle; max-width: 30%;\" src=\"https:\/\/flughafentransfer-os.de\/airport-shuttle\/wp-content\/uploads\/2022\/06\/WA.png\" alt=\"\" width=\"30%\" height=\"10%;\" \/><\/a> <a href=\"viber:\/\/chat\/?number=%2B4916093907337\"><img decoding=\"async\" class=\"et-waypoint et_pb_animation_left et-animated\" style=\"vertical-align: middle; max-width: 30%;\" src=\"https:\/\/flughafentransfer-os.de\/airport-shuttle\/wp-content\/uploads\/2019\/03\/purple_Purple_icon.png\" alt=\"\" width=\"30%\" \/><\/a>\n\t\t<\/div> <!-- .et_pb_text -->\n\t\t<\/div> <!-- .et_pb_column --><div class=\"et_pb_column et_pb_column_1_4\">\n\t\t\t<div class=\"et_pb_text et_pb_bg_layout_light et_pb_text_align_left\">\n\t\t\t\n<h6>Zahlungsm\u00f6glichkeiten:<\/h6>\n<p><img decoding=\"async\" loading=\"lazy\" class=\"et-waypoint et_pb_animation_left et-animated\" src=\"https:\/\/flughafentransfer-os.de\/airport-shuttle\/wp-content\/uploads\/2022\/11\/zahlung-footer.png\" width=\"100%\" height=\"auto\" \/>\n\t\t<\/div> <!-- .et_pb_text -->\n\t\t<\/div> <!-- .et_pb_column -->\n\t\t<\/div> <!-- .et_pb_row -->\n\t\t\t\n\t\t<\/div> <!-- .et_pb_section --><\/p>\n","protected":false},"excerpt":{"rendered":"","protected":false},"author":2,"featured_media":0,"parent":0,"menu_order":0,"comment_status":"open","ping_status":"closed","template":"","meta":[],"_links":{"self":[{"href":"https:\/\/flughafentransfer-os.de\/airport-shuttle\/wp-json\/wp\/v2\/pages\/1258"}],"collection":[{"href":"https:\/\/flughafentransfer-os.de\/airport-shuttle\/wp-json\/wp\/v2\/pages"}],"about":[{"href":"https:\/\/flughafentransfer-os.de\/airport-shuttle\/wp-json\/wp\/v2\/types\/page"}],"author":[{"embeddable":true,"href":"https:\/\/flughafentransfer-os.de\/airport-shuttle\/wp-json\/wp\/v2\/users\/2"}],"replies":[{"embeddable":true,"href":"https:\/\/flughafentransfer-os.de\/airport-shuttle\/wp-json\/wp\/v2\/comments?post=1258"}],"version-history":[{"count":78,"href":"https:\/\/flughafentransfer-os.de\/airport-shuttle\/wp-json\/wp\/v2\/pages\/1258\/revisions"}],"predecessor-version":[{"id":1687,"href":"https:\/\/flughafentransfer-os.de\/airport-shuttle\/wp-json\/wp\/v2\/pages\/1258\/revisions\/1687"}],"wp:attachment":[{"href":"https:\/\/flughafentransfer-os.de\/airport-shuttle\/wp-json\/wp\/v2\/media?parent=1258"}],"curies":[{"name":"wp","href":"https:\/\/api.w.org\/{rel}","templated":true}]}}